4
What is the tens digit of 5255?
5
What is the tens digit of 6815?
1
What is the units digit of 1165?
5
What is the units digit of 10046?
6
What is the ten thousands digit of 41317?
4
What is the ten thousands digit of 25805?
2
What is the tens digit of 1148?
4
What is the thousands digit of 3298?
3
What is the units digit of 1425?
5
What is the units digit of 5148?
8
What is the tens digit of 3834?
3
What is the tens digit of 37?
3
What is the thousands digit of 2797?
2
What is the units digit of 8314?
4
What is the units digit of 46884?
4
What is the hundreds digit of 393?
3
What is the units digit of 711?
1
What is the hundreds digit of 808?
8
What is the units digit of 1556?
6
What is the thousands digit of 16908?
6
What is the hundreds digit of 1326?
3
What is the tens digit of 4418?
1
What is the thousands digit of 15694?
5
What is the hundreds digit of 41439?
4
What is the tens digit of 881?
8
What is the tens digit of 24077?
7
What is the tens digit of 7315?
1
What is the thousands digit of 84655?
4
What is the tens digit of 800?
0
What is the tens digit of 273?
7
What is the thousands digit of 2419?
2
What is the tens digit of 20784?
8
What is the tens digit of 5405?
0
What is the units digit of 582?
2
What is the thousands digit of 41072?
1
What is the thousands digit of 9217?
9
What is the hundreds digit of 14669?
6
What is the units digit of 98868?
8
What is the units digit of 1688?
8
What is the thousands digit of 1496?
1
What is the hundreds digit of 2825?
8
What is the hundreds digit of 926?
9
What is the hundreds digit of 7337?
3
What is the tens digit of 702?
0
What is the units digit of 235?
5
What is the hundreds digit of 1084?
0
What is the units digit of 801?
1
What is the tens digit of 1699?
9
What is the tens digit of 63074?
7
What is the tens digit of 258?
5
What is the thousands digit of 3998?
3
What is the units digit of 365?
5
What is the hundreds digit of 2027?
0
What is the units digit of 49753?
3
What is the units digit of 3029?
9
What is the thousands digit of 98304?
8
What is the ten thousands digit of 130507?
3
What is the tens digit of 25034?
3
What is the tens digit of 7299?
9
What is the hundreds digit of 1357?
3
What is the hundreds digit of 1946?
9
What is the thousands digit of 6447?
6
What is the hundred thousands digit of 116735?
1
What is the hundreds digit of 647?
6
What is the units digit of 1791?
1
What is the ten thousands digit of 95182?
9
What is the tens digit of 57821?
2
What is the thousands digit of 17555?
7
What is the units digit of 55148?
8
What is the ten thousands digit of 58590?
5
What is the hundreds digit of 7382?
3
What is the tens digit of 71589?
8
What is the units digit of 42227?
7
What is the units digit of 18732?
2
What is the thousands digit of 22921?
2
What is the units digit of 12209?
9
What is the units digit of 156753?
3
What is the tens digit of 5494?
9
What is the thousands digit of 3136?
3
What is the tens digit of 8870?
7
What is the tens digit of 33162?
6
What is the ten thousands digit of 43700?
4
What is the hundreds digit of 334?
3
What is the thousands digit of 32284?
2
What is the thousands digit of 5125?
5
What is the hundreds digit of 1063?
0
What is the hundreds digit of 1147?
1
What is the tens digit of 1450?
5
What is the units digit of 75494?
4
What is the units digit of 1439?
9
What is the hundreds digit of 221?
2
What is the units digit of 9008?
8
What is the tens digit of 2977?
7
What is the hundreds digit of 44514?
5
What is the hundreds digit of 57193?
1
What is the units digit of 2466?
6
What is the hundreds digit of 4864?
8
What is the hundreds digit of 2779?
7
What is the tens digit of 4891?
9
What is the tens digit of 7302?
0
What is the thousands digit of 16091?
6
What is the hundreds digit of 6049?
0
What is the tens digit of 9476?
7
What is the hundred thousands digit of 102692?
1
What is the tens digit of 1392?
9
What is the tens digit of 360?
6
What is the tens digit of 1137?
3
What is the thousands digit of 11073?
1
What is the thousands digit of 4431?
4
What is the thousands digit of 1394?
1
What is the tens digit of 12279?
7
What is the thousands digit of 8344?
8
What is the units digit of 59427?
7
What is the hundreds digit of 4541?
5
What is the ten thousands digit of 24466?
2
What is the thousands digit of 3674?
3
What is the hundreds digit of 1677?
6
What is the thousands digit of 4774?
4
What is the thousands digit of 13415?
3
What is the units digit of 153?
3
What is the hundreds digit of 593?
5
What is the units digit of 2987?
7
What is the units digit of 649?
9
What is the units digit of 600?
0
What is the units digit of 1927?
7
What is the hundreds digit of 1127?
1
What is the units digit of 11742?
2
What is the units digit of 19405?
5
What is the hundreds digit of 18869?
8
What is the tens digit of 674?
7
What is the hundreds digit of 569?
5
What is the tens digit of 7762?
6
What is the hundreds digit of 725?
7
What is the tens digit of 24109?
0
What is the tens digit of 25843?
4
What is the hundreds digit of 592?
5
What is the tens digit of 902?
0
What is the hundreds digit of 1677?
6
What is the hundreds digit of 131474?
4
What is the tens digit of 4218?
1
What is the hundreds digit of 19265?
2
What is the units digit of 49190?
0
What is the thousands digit of 2646?
2
What is the thousands digit of 57055?
7
What is the hundreds digit of 2281?
2
What is the units digit of 1658?
8
What is the hundreds digit of 35580?
5
What is the tens digit of 7593?
9
What is the thousands digit of 11665?
1
What is the units digit of 4172?
2
What is the tens digit of 42787?
8
What is the thousands digit of 2932?
2
What is the tens digit of 3318?
1
What is the hundreds digit of 565?
5
What is the units digit of 1267?
7
What is the units digit of 263?
3
What is the tens digit of 2080?
8
What is the ten thousands digit of 40264?
4
What is the units digit of 49381?
1
What is the tens digit of 90516?
1
What is the thousands digit of 7412?
7
What is the hundreds digit of 8929?
9
What is the tens digit of 35015?
1
What is the thousands digit of 2321?
2
What is the thousands digit of 6259?
6
What is the tens digit of 3044?
4
What is the units digit of 1482?
2
What is the units digit of 4427?
7
What is the units digit of 2970?
0
What is the hundreds digit of 472?
4
What is the units digit of 3?
3
What is the units digit of 12165?
5
What is the tens digit of 2761?
6
What is the units digit of 6604?
4
What is the thousands digit of 5282?
5
What is the hundreds digit of 812?
8
What is the hundreds digit of 307?
3
What is the tens digit of 2425?
2
What is the units digit of 1244?
4
What is the hundreds digit of 180585?
5
What is the ten thousands digit of 146627?
4
What is the hundreds digit of 1006?
0
What is the tens digit of 210?
1
What is the hundreds digit of 816?
8
What is the thousands digit of 33520?
3
What is the units digit of 29884?
4
What is the thousands digit of 4020?
4
What is the tens digit of 11542?
4
What is the units digit of 2105?
5
What is the hundreds digit of 1614?
6
What is the tens digit of 377?
7
What is the tens digit of 8428?
2
What is the thousands digit of 42516?
2
What is the thousands digit of 1219?
1
What is the thousands digit of 56698?
6
What is the tens digit of 24576?
7
What is the tens digit of 90650?
5
What is the tens digit of 5706?
0
What is the ten thousands digit of 12771?
1
What is the hundreds digit of 252?
2
What is the units digit of 293?
3
What is the tens digit of 1869?
6
What is the units digit of 1322?
2
What is the hundreds digit of 13258?
2
What is the ten thousands digit of 13274?
1
What is the tens digit of 2973?
7
What is the hundreds digit of 9404?
4
What is the ten thousands digit of 15978?
1
What is the tens digit of 111144?
4
What is the tens digit of 2012?
1
What is the hundreds digit of 22067?
0
What is the tens digit of 52?
5
What is the units digit of 15274?
4
What is the units digit of 929?
9
What is the thousands digit of 20370?
0
What is the units digit of 18813?
3
What is the tens digit of 8075?
7
What is the tens digit of 2658?
5
What is the tens digit of 18039?
3
What is the units digit of 878?
8
What is the tens digit of 547?
4
What is the thousands digit of 59562?
9
What is the thous